{"id":88,"date":"2023-12-21T19:48:34","date_gmt":"2023-12-21T19:48:34","guid":{"rendered":"https:\/\/personeriaelcopey.com.co\/?page_id=88"},"modified":"2024-02-01T01:50:56","modified_gmt":"2024-02-01T01:50:56","slug":"decretos","status":"publish","type":"page","link":"https:\/\/personeriaelcopey.com.co\/index.php\/nuestra-informacion\/normatividad\/decretos\/","title":{"rendered":"Decretos"},"content":{"rendered":"\n<p class=\"has-text-align-center\"><strong>DECRETOS<\/strong><\/p>\n\n\n\n<table id=\"tablepress-2\" class=\"tablepress tablepress-id-2\">\n<thead>\n<tr class=\"row-1\">\n\t<th class=\"column-1\">DECRETO<\/th><th class=\"column-2\">EXPEDICI\u00d3N<\/th><th class=\"column-3\">DESCRIPCI\u00d3N<\/th>\n<\/tr>\n<\/thead>\n<tbody class=\"row-striping row-hover\">\n<tr class=\"row-2\">\n\t<td class=\"column-1\"><a href=\"https:\/\/www.funcionpublica.gov.co\/eva\/gestornormativo\/norma.php?i=63510\" title=\"Decreto 1835 de 2015\" rel=\"noopener nofollow\" target=\"_blank\">Decreto 1835 de 2015<\/a><\/td><td class=\"column-2\">16\/09\/2015<\/td><td class=\"column-3\">Por el cual se modifican y adicionan normas en materia de Garant\u00edas Mobiliarias al Decreto \u00danico Reglamentario del Sector Comercio, Industria y Turismo, Decrto n\u00famero 1074 de 2015, y se dictan otras disposiciones.<\/td>\n<\/tr>\n<tr class=\"row-3\">\n\t<td class=\"column-1\"><a href=\"https:\/\/www.funcionpublica.gov.co\/eva\/gestornormativo\/norma.php?i=67628\" title=\"Decreto 159 de 2015\" rel=\"noopener nofollow\" target=\"_blank\">Decreto 159 de 2015<\/a><\/td><td class=\"column-2\">04\/05\/2015<\/td><td class=\"column-3\">Por medio del cual se modifica y adiciona el Decreto Distrital 035 de 2015 &#8211; Protocolo de Participaci\u00f3n Efectiva de las V\u00edctimas del Conflicto Armado.<\/td>\n<\/tr>\n<tr class=\"row-4\">\n\t<td class=\"column-1\"><a href=\"https:\/\/www.unidadvictimas.gov.co\/es\/protocolo-de-participacion-efectiva-de-las-victimas\/9025\" title=\"Participaci\u00f3n de las victimas del conflicto armado\" rel=\"noopener nofollow\" target=\"_blank\">Participaci\u00f3n de las victimas del conflicto armado<\/a><\/td><td class=\"column-2\">26\/01\/2015<\/td><td class=\"column-3\">Por medio del cual se adopta el Protocolo de Participaci\u00f3n Efectiva de las V\u00edctimas del Conflicto Armado.<\/td>\n<\/tr>\n<\/tbody>\n<\/table>\n<!-- #tablepress-2 from cache -->","protected":false},"excerpt":{"rendered":"<p>DECRETOS<\/p>\n","protected":false},"author":1,"featured_media":0,"parent":149,"menu_order":262,"comment_status":"closed","ping_status":"closed","template":"","meta":{"om_disable_all_campaigns":false,"_monsterinsights_skip_tracking":false,"_monsterinsights_sitenote_active":false,"_monsterinsights_sitenote_note":"","_monsterinsights_sitenote_category":0,"footnotes":""},"class_list":["post-88","page","type-page","status-publish","hentry"],"_links":{"self":[{"href":"https:\/\/personeriaelcopey.com.co\/index.php\/wp-json\/wp\/v2\/pages\/88","targetHints":{"allow":["GET"]}}],"collection":[{"href":"https:\/\/personeriaelcopey.com.co\/index.php\/wp-json\/wp\/v2\/pages"}],"about":[{"href":"https:\/\/personeriaelcopey.com.co\/index.php\/wp-json\/wp\/v2\/types\/page"}],"author":[{"embeddable":true,"href":"https:\/\/personeriaelcopey.com.co\/index.php\/wp-json\/wp\/v2\/users\/1"}],"replies":[{"embeddable":true,"href":"https:\/\/personeriaelcopey.com.co\/index.php\/wp-json\/wp\/v2\/comments?post=88"}],"version-history":[{"count":2,"href":"https:\/\/personeriaelcopey.com.co\/index.php\/wp-json\/wp\/v2\/pages\/88\/revisions"}],"predecessor-version":[{"id":215,"href":"https:\/\/personeriaelcopey.com.co\/index.php\/wp-json\/wp\/v2\/pages\/88\/revisions\/215"}],"up":[{"embeddable":true,"href":"https:\/\/personeriaelcopey.com.co\/index.php\/wp-json\/wp\/v2\/pages\/149"}],"wp:attachment":[{"href":"https:\/\/personeriaelcopey.com.co\/index.php\/wp-json\/wp\/v2\/media?parent=88"}],"curies":[{"name":"wp","href":"https:\/\/api.w.org\/{rel}","templated":true}]}}