{"id":82,"date":"2023-12-21T19:47:06","date_gmt":"2023-12-21T19:47:06","guid":{"rendered":"https:\/\/personeriaelcopey.com.co\/?page_id=82"},"modified":"2024-07-02T17:12:58","modified_gmt":"2024-07-02T17:12:58","slug":"contratacion-2023","status":"publish","type":"page","link":"https:\/\/personeriaelcopey.com.co\/index.php\/nuestra-informacion\/contratacion\/contratacion-2023\/","title":{"rendered":"Contrataci\u00f3n 2023"},"content":{"rendered":"\n<h2 class=\"wp-block-heading has-text-align-center has-medium-font-size\"><strong>CONTRATACI\u00d3N 2023<\/strong><\/h2>\n\n\n\n<ol class=\"wp-block-list\">\n<li><strong>CONTRATO DE PRESTACI\u00d3N DE SERVICIO No. 001<\/strong>\n<ul class=\"wp-block-list\">\n<li>CONTRATANTE: PERSONERIA MUNICIPAL DE EL COPEY \u2013 CESAR<\/li>\n\n\n\n<li>CONTRATISTA: ELKIN ALONSO DIAZ OSORIO<\/li>\n\n\n\n<li>OBJETO: PRESTACION DE SERVICIOS CONTABLES DE LA PERSONERIA MUNICIPAL DE EL COPEY CESAR.<\/li>\n\n\n\n<li>FECHA: DOS (02) DE MARZO DE 2023<\/li>\n\n\n\n<li>VALOR: UN MILLON DOSCIENTOS MIL PESOS ($1.300.000.oo)<\/li>\n\n\n\n<li>DURACI\u00d3N: UN (01) D\u00cdA H\u00c1BIL.<\/li>\n\n\n\n<li>PLAZO DE EJECUCI\u00d3N: UN (01) D\u00cdA H\u00c1BIL.<\/li>\n\n\n\n<li>FECHA DE INICIACI\u00d3N: DOS (02) DE MARZO DEL 2023.<\/li>\n\n\n\n<li>FECHA DE TERMINACI\u00d3N: DOS (02) DE MARZO DEL 2023.<\/li>\n<\/ul>\n<\/li>\n\n\n\n<li><strong>CONTRATO DE PRESTACI\u00d3N DE SERVICIO No. 002<\/strong>\n<ul class=\"wp-block-list\">\n<li>CONTRATANTE: PERSONERIA MUNICIPAL DE EL COPEY \u2013 CESAR<\/li>\n\n\n\n<li>CONTRATISTA: ELKIN ALONSO DIAZ OSORIO<\/li>\n\n\n\n<li>OBJETO: PRESTACION DE SERVICIOS CONTABLES DE LA PERSONERIA MUNICIPAL DE EL COPEY CESAR.<\/li>\n\n\n\n<li>FECHA: DOS (02) DE AGOSTO DE 2023<\/li>\n\n\n\n<li>VALOR: UN MILLON DOSCIENTOS MIL PESOS ($1.300.000.oo)<\/li>\n\n\n\n<li>DURACI\u00d3N: UN (01) D\u00cdA H\u00c1BIL.<\/li>\n\n\n\n<li>PLAZO DE EJECUCI\u00d3N: UN (01) D\u00cdA H\u00c1BIL.<\/li>\n\n\n\n<li>FECHA DE INICIACI\u00d3N: DOS (02) DE AGOSTO DEL 2023.<\/li>\n\n\n\n<li>FECHA DE TERMINACI\u00d3N: DOS (02) DE AGOSTO DEL 2023.<\/li>\n<\/ul>\n<\/li>\n\n\n\n<li><strong>CONTRATO DE PRESTACI\u00d3N DE SERVICIO No. 003<\/strong>\n<ul class=\"wp-block-list\">\n<li>CONTRATANTE: PERSONERIA MUNICIPAL DE EL COPEY \u2013 CESAR<\/li>\n\n\n\n<li>CONTRATISTA: RONALD ALBERTO GONZALEZ VEGA<\/li>\n\n\n\n<li>OBJETO: PRESTACION DE SERVICIOS SOPORTE TECNICOS EN EL MANTENIMIENTO DE LOS EQUIPOS DE COMPUTO E IMPRESORAS, CREACION, DISE\u00d1O, ALIMENTACION Y PUESTA EN FUNCIONAMIENTO DE UNA PAGINA WEB Y REDES SOCIALES PARA LA PERSONERIA MUNICIPAL DE EL COPEY \u2013 CESAR.<\/li>\n\n\n\n<li>FECHA: DIECIOCHO (18) DE DICIEMBRE DE 2023<\/li>\n\n\n\n<li>VALOR: TRES MILLONES QUINIENTOS MIL PESOS M\/LCTE<\/li>\n\n\n\n<li>($3.500.000.oo)<\/li>\n\n\n\n<li>DURACI\u00d3N: DOCE (12) D\u00cdAS H\u00c1BILES.<\/li>\n\n\n\n<li>PLAZO DE EJECUCI\u00d3N: DOCE (12) D\u00cdAS H\u00c1BILES.<\/li>\n\n\n\n<li>FECHA DE INICIACI\u00d3N: DIECIOCHO (18) DE DICIEMBRE DE 2023.<\/li>\n\n\n\n<li>FECHA DE TERMINACI\u00d3N: VEINTINUEVE (29) DE DICIEMBRE DEL 2023.<\/li>\n<\/ul>\n<\/li>\n\n\n\n<li><strong>CONTRATO DE PRESTACI\u00d3N DE SERVICIO No. 004<\/strong>\n<ul class=\"wp-block-list\">\n<li>CONTRATANTE: PERSONERIA MUNICIPAL DE EL COPEY \u2013 CESAR<\/li>\n\n\n\n<li>CONTRATISTA: SERVICIOS E INGENIERIA &#8211; SERVING S.A.S<\/li>\n\n\n\n<li>OBJETO: PRESTACION DE SERVICIOS PROFESIONALES PARA COADYUVAR A LA PERDONERIA MUNICIPAL EN LAS ACTIVIDADESY CAPACITACIONES EN EL PROGRAMA DE BIENESTAR LABORAL A LOS FUNCIONARIOS DE LA ENTIDAD.<\/li>\n\n\n\n<li>FECHA: DIECIOCHO (18) DE DICIEMBRE DE 2023<\/li>\n\n\n\n<li>VALOR: TRES MILLONES DE PESOS M\/LCTE ($3.000.000.oo)<\/li>\n\n\n\n<li>DURACI\u00d3N: DOCE (12) D\u00cdAS H\u00c1BILES.<\/li>\n\n\n\n<li>PLAZO DE EJECUCI\u00d3N: DOCE (12) D\u00cdAS H\u00c1BILES.<\/li>\n\n\n\n<li>FECHA DE INICIACI\u00d3N: DIECIOCHO (18) DE DICIEMBRE DE 2023.<\/li>\n\n\n\n<li>FECHA DE TERMINACI\u00d3N: VEINTINUEVE (29) DE DICIEMBRE DEL 2023.<\/li>\n<\/ul>\n<\/li>\n\n\n\n<li><strong>CONTRATO DE PRESTACI\u00d3N DE SERVICIO No. 005<\/strong>\n<ul class=\"wp-block-list\">\n<li>CONTRATANTE: PERSONERIA MUNICIPAL DE EL COPEY \u2013 CESAR<\/li>\n\n\n\n<li>CONTRATISTA: PAPELERIA PAPYRUS<\/li>\n\n\n\n<li>OBJETO: PRESTACION DE SERVICIOS SUMINISTRO DE ELEMENTOS DE OFICINA Y PAPELERIA CON DESTINO A LA PERSONERIA MUNICIPAL DE EL COPEY CESAR; BAJO LA MODALIDAD DE MONTO AGOTABLE.<\/li>\n\n\n\n<li>FECHA: VEINTIOCHO (28) DE DICIEMBRE DE 2023<\/li>\n\n\n\n<li>VALOR: NUEVE MILLONES DE PESOS M\/LCTE ($9.000.000.oo)<\/li>\n\n\n\n<li>DURACI\u00d3N: UN (01) MES H\u00c1BIL.<\/li>\n\n\n\n<li>PLAZO DE EJECUCI\u00d3N: TREINTA (30) D\u00cdAS H\u00c1BILES.<\/li>\n\n\n\n<li>FECHA DE INICIACI\u00d3N: VEINTIOCHO (28) DE NOVIEMBRE DE 2023<\/li>\n\n\n\n<li>FECHA DE TERMINACI\u00d3N: VEINTIOCHO (28) DE DICIEMBRE DE 2023<\/li>\n<\/ul>\n<\/li>\n<\/ol>\n","protected":false},"excerpt":{"rendered":"<p>CONTRATACI\u00d3N 2023<\/p>\n","protected":false},"author":1,"featured_media":0,"parent":147,"menu_order":242,"comment_status":"closed","ping_status":"closed","template":"","meta":{"om_disable_all_campaigns":false,"_monsterinsights_skip_tracking":false,"_monsterinsights_sitenote_active":false,"_monsterinsights_sitenote_note":"","_monsterinsights_sitenote_category":0,"footnotes":""},"class_list":["post-82","page","type-page","status-publish","hentry"],"_links":{"self":[{"href":"https:\/\/personeriaelcopey.com.co\/index.php\/wp-json\/wp\/v2\/pages\/82","targetHints":{"allow":["GET"]}}],"collection":[{"href":"https:\/\/personeriaelcopey.com.co\/index.php\/wp-json\/wp\/v2\/pages"}],"about":[{"href":"https:\/\/personeriaelcopey.com.co\/index.php\/wp-json\/wp\/v2\/types\/page"}],"author":[{"embeddable":true,"href":"https:\/\/personeriaelcopey.com.co\/index.php\/wp-json\/wp\/v2\/users\/1"}],"replies":[{"embeddable":true,"href":"https:\/\/personeriaelcopey.com.co\/index.php\/wp-json\/wp\/v2\/comments?post=82"}],"version-history":[{"count":4,"href":"https:\/\/personeriaelcopey.com.co\/index.php\/wp-json\/wp\/v2\/pages\/82\/revisions"}],"predecessor-version":[{"id":526,"href":"https:\/\/personeriaelcopey.com.co\/index.php\/wp-json\/wp\/v2\/pages\/82\/revisions\/526"}],"up":[{"embeddable":true,"href":"https:\/\/personeriaelcopey.com.co\/index.php\/wp-json\/wp\/v2\/pages\/147"}],"wp:attachment":[{"href":"https:\/\/personeriaelcopey.com.co\/index.php\/wp-json\/wp\/v2\/media?parent=82"}],"curies":[{"name":"wp","href":"https:\/\/api.w.org\/{rel}","templated":true}]}}